{"id":3601,"date":"2025-07-17T12:16:44","date_gmt":"2025-07-17T15:16:44","guid":{"rendered":"https:\/\/comavemoveis.com.br\/site\/?post_type=product&#038;p=3601"},"modified":"2025-07-17T14:06:11","modified_gmt":"2025-07-17T17:06:11","slug":"eco","status":"publish","type":"product","link":"https:\/\/comavemoveis.com.br\/site\/produto\/eco\/","title":{"rendered":"Eco"},"content":{"rendered":"<p>Encosto Eco \u2013 W5802<\/p>\n<p>\u2022 Quadro externo do encosto Eco \u00e9 injetado em poliamida 6 com 30% de fibra de vidro, o quadro possui acabamento texturizado e as seguintes dimens\u00f5es: 453mm de largura x 587mm de altura total e 453mm Altura x 450mm de largura util.<\/p>\n<p>\u2022 Painel interno do encosto em tela, injetado em ABS, o painel possui acabamento texturizado e as seguintes dimens\u00f5es: 453mm de largura x 450mm de altura.<\/p>\n<p>\u2022 O quadro se fixa ao painel por meio de encaixe e click.<\/p>\n<p>\u2022 Tecido em tela importado confeccionado em poli\u00e9ster.<\/p>\n<p>\u2022 Possui espera para fixa\u00e7\u00e3o de Apoio Lombar.<\/p>\n<p>Chassi de Assento Tela Std Madeira \u2013 102524<\/p>\n<p>\u2022 Chassi de assento confeccionado em madeira;<\/p>\n<p>\u2022 A fixa\u00e7\u00e3o do chassi de assento na estrutura se d\u00e1 atrav\u00e9s de porcas garra fixadas no chassi que \u00e9 parafusado diretamente na estrutura;<\/p>\n<p>\u2022 O chassi de assento possui 445mm de largura por 425mm de profundidade e 12mm de espessura;<\/p>\n<p>Encosto Eco \u2013 W5802<\/p>\n<p>\u2022 Quadro externo do encosto Eco \u00e9 injetado em poliamida 6 com 30% de fibra de vidro, o quadro possui acabamento texturizado e as seguintes dimens\u00f5es: 453mm de largura x 587mm de altura total e 453mm Altura x 450mm de largura util.<\/p>\n<p>\u2022 Painel interno do encosto em tela, injetado em ABS, o painel possui acabamento texturizado e as seguintes dimens\u00f5es: 453mm de largura x 450mm de altura.<\/p>\n<p>\u2022 O quadro se fixa ao painel por meio de encaixe e click.<\/p>\n<p>\u2022 Tecido em tela importado confeccionado em poli\u00e9ster.<\/p>\n<p>\u2022 Possui espera para fixa\u00e7\u00e3o de Apoio Lombar.<\/p>\n","protected":false},"excerpt":{"rendered":"<p>Encosto Eco \u2013 W5802 \u2022 Quadro externo do encosto Eco \u00e9 injetado em poliamida 6 com 30% de fibra de vidro, o quadro possui acabamento texturizado e as seguintes dimens\u00f5es: 453mm de largura x 587mm de altura total e 453mm Altura x 450mm de largura util. \u2022 Painel interno do encosto em tela, injetado em [&hellip;]<\/p>\n","protected":false},"featured_media":3620,"template":"","meta":{"_et_pb_use_builder":"","_et_pb_old_content":"","_et_gb_content_width":"","_joinchat":[]},"product_brand":[],"product_cat":[139,178,184],"product_tag":[],"class_list":{"0":"post-3601","1":"product","2":"type-product","3":"status-publish","4":"has-post-thumbnail","6":"product_cat-cadeiras-e-poltronas","7":"product_cat-linha-em-tela","8":"product_cat-linha-secretaria-executiva","10":"first","11":"instock","12":"shipping-taxable","13":"product-type-simple"},"yoast_head":"<!-- This site is optimized with the Yoast SEO plugin v27.0 - https:\/\/yoast.com\/product\/yoast-seo-wordpress\/ -->\n<title>Eco - Comave<\/title>\n<meta name=\"robots\" content=\"index, follow, max-snippet:-1, max-image-preview:large, max-video-preview:-1\" \/>\n<link rel=\"canonical\" href=\"https:\/\/comavemoveis.com.br\/site\/produto\/eco\/\" \/>\n<meta property=\"og:locale\" content=\"pt_BR\" \/>\n<meta property=\"og:type\" content=\"article\" \/>\n<meta property=\"og:title\" content=\"Eco - Comave\" \/>\n<meta property=\"og:description\" content=\"Encosto Eco \u2013 W5802 \u2022 Quadro externo do encosto Eco \u00e9 injetado em poliamida 6 com 30% de fibra de vidro, o quadro possui acabamento texturizado e as seguintes dimens\u00f5es: 453mm de largura x 587mm de altura total e 453mm Altura x 450mm de largura util. \u2022 Painel interno do encosto em tela, injetado em [&hellip;]\" \/>\n<meta property=\"og:url\" content=\"https:\/\/comavemoveis.com.br\/site\/produto\/eco\/\" \/>\n<meta property=\"og:site_name\" content=\"Comave\" \/>\n<meta property=\"article:publisher\" content=\"https:\/\/web.facebook.com\/Comavemoveis\" \/>\n<meta property=\"article:modified_time\" content=\"2025-07-17T17:06:11+00:00\" \/>\n<meta property=\"og:image\" content=\"https:\/\/comavemoveis.com.br\/site\/wp-content\/uploads\/2025\/07\/ecook.jpg\" \/>\n\t<meta property=\"og:image:width\" content=\"1100\" \/>\n\t<meta property=\"og:image:height\" content=\"1100\" \/>\n\t<meta property=\"og:image:type\" content=\"image\/jpeg\" \/>\n<meta name=\"twitter:card\" content=\"summary_large_image\" \/>\n<meta name=\"twitter:label1\" content=\"Est. tempo de leitura\" \/>\n\t<meta name=\"twitter:data1\" content=\"2 minutos\" \/>\n<script type=\"application\/ld+json\" class=\"yoast-schema-graph\">{\"@context\":\"https:\/\/schema.org\",\"@graph\":[{\"@type\":\"WebPage\",\"@id\":\"https:\/\/comavemoveis.com.br\/site\/produto\/eco\/\",\"url\":\"https:\/\/comavemoveis.com.br\/site\/produto\/eco\/\",\"name\":\"Eco - Comave\",\"isPartOf\":{\"@id\":\"https:\/\/comavemoveis.com.br\/site\/#website\"},\"primaryImageOfPage\":{\"@id\":\"https:\/\/comavemoveis.com.br\/site\/produto\/eco\/#primaryimage\"},\"image\":{\"@id\":\"https:\/\/comavemoveis.com.br\/site\/produto\/eco\/#primaryimage\"},\"thumbnailUrl\":\"https:\/\/comavemoveis.com.br\/site\/wp-content\/uploads\/2025\/07\/ecook.jpg\",\"datePublished\":\"2025-07-17T15:16:44+00:00\",\"dateModified\":\"2025-07-17T17:06:11+00:00\",\"breadcrumb\":{\"@id\":\"https:\/\/comavemoveis.com.br\/site\/produto\/eco\/#breadcrumb\"},\"inLanguage\":\"pt-BR\",\"potentialAction\":[{\"@type\":\"ReadAction\",\"target\":[\"https:\/\/comavemoveis.com.br\/site\/produto\/eco\/\"]}]},{\"@type\":\"ImageObject\",\"inLanguage\":\"pt-BR\",\"@id\":\"https:\/\/comavemoveis.com.br\/site\/produto\/eco\/#primaryimage\",\"url\":\"https:\/\/comavemoveis.com.br\/site\/wp-content\/uploads\/2025\/07\/ecook.jpg\",\"contentUrl\":\"https:\/\/comavemoveis.com.br\/site\/wp-content\/uploads\/2025\/07\/ecook.jpg\",\"width\":1100,\"height\":1100},{\"@type\":\"BreadcrumbList\",\"@id\":\"https:\/\/comavemoveis.com.br\/site\/produto\/eco\/#breadcrumb\",\"itemListElement\":[{\"@type\":\"ListItem\",\"position\":1,\"name\":\"In\u00edcio\",\"item\":\"https:\/\/comavemoveis.com.br\/site\/\"},{\"@type\":\"ListItem\",\"position\":2,\"name\":\"Loja\",\"item\":\"https:\/\/comavemoveis.com.br\/site\/loja\/\"},{\"@type\":\"ListItem\",\"position\":3,\"name\":\"Eco\"}]},{\"@type\":\"WebSite\",\"@id\":\"https:\/\/comavemoveis.com.br\/site\/#website\",\"url\":\"https:\/\/comavemoveis.com.br\/site\/\",\"name\":\"Comave\",\"description\":\"M\u00f3veis para Escrit\u00f3rio em Jundia\u00ed\",\"publisher\":{\"@id\":\"https:\/\/comavemoveis.com.br\/site\/#organization\"},\"potentialAction\":[{\"@type\":\"SearchAction\",\"target\":{\"@type\":\"EntryPoint\",\"urlTemplate\":\"https:\/\/comavemoveis.com.br\/site\/?s={search_term_string}\"},\"query-input\":{\"@type\":\"PropertyValueSpecification\",\"valueRequired\":true,\"valueName\":\"search_term_string\"}}],\"inLanguage\":\"pt-BR\"},{\"@type\":\"Organization\",\"@id\":\"https:\/\/comavemoveis.com.br\/site\/#organization\",\"name\":\"Comave\",\"url\":\"https:\/\/comavemoveis.com.br\/site\/\",\"logo\":{\"@type\":\"ImageObject\",\"inLanguage\":\"pt-BR\",\"@id\":\"https:\/\/comavemoveis.com.br\/site\/#\/schema\/logo\/image\/\",\"url\":\"https:\/\/comavemoveis.com.br\/site\/wp-content\/uploads\/2016\/11\/comave2.jpg\",\"contentUrl\":\"https:\/\/comavemoveis.com.br\/site\/wp-content\/uploads\/2016\/11\/comave2.jpg\",\"width\":148,\"height\":90,\"caption\":\"Comave\"},\"image\":{\"@id\":\"https:\/\/comavemoveis.com.br\/site\/#\/schema\/logo\/image\/\"},\"sameAs\":[\"https:\/\/web.facebook.com\/Comavemoveis\"]}]}<\/script>\n<!-- \/ Yoast SEO plugin. -->","yoast_head_json":{"title":"Eco - Comave","robots":{"index":"index","follow":"follow","max-snippet":"max-snippet:-1","max-image-preview":"max-image-preview:large","max-video-preview":"max-video-preview:-1"},"canonical":"https:\/\/comavemoveis.com.br\/site\/produto\/eco\/","og_locale":"pt_BR","og_type":"article","og_title":"Eco - Comave","og_description":"Encosto Eco \u2013 W5802 \u2022 Quadro externo do encosto Eco \u00e9 injetado em poliamida 6 com 30% de fibra de vidro, o quadro possui acabamento texturizado e as seguintes dimens\u00f5es: 453mm de largura x 587mm de altura total e 453mm Altura x 450mm de largura util. \u2022 Painel interno do encosto em tela, injetado em [&hellip;]","og_url":"https:\/\/comavemoveis.com.br\/site\/produto\/eco\/","og_site_name":"Comave","article_publisher":"https:\/\/web.facebook.com\/Comavemoveis","article_modified_time":"2025-07-17T17:06:11+00:00","og_image":[{"width":1100,"height":1100,"url":"https:\/\/comavemoveis.com.br\/site\/wp-content\/uploads\/2025\/07\/ecook.jpg","type":"image\/jpeg"}],"twitter_card":"summary_large_image","twitter_misc":{"Est. tempo de leitura":"2 minutos"},"schema":{"@context":"https:\/\/schema.org","@graph":[{"@type":"WebPage","@id":"https:\/\/comavemoveis.com.br\/site\/produto\/eco\/","url":"https:\/\/comavemoveis.com.br\/site\/produto\/eco\/","name":"Eco - Comave","isPartOf":{"@id":"https:\/\/comavemoveis.com.br\/site\/#website"},"primaryImageOfPage":{"@id":"https:\/\/comavemoveis.com.br\/site\/produto\/eco\/#primaryimage"},"image":{"@id":"https:\/\/comavemoveis.com.br\/site\/produto\/eco\/#primaryimage"},"thumbnailUrl":"https:\/\/comavemoveis.com.br\/site\/wp-content\/uploads\/2025\/07\/ecook.jpg","datePublished":"2025-07-17T15:16:44+00:00","dateModified":"2025-07-17T17:06:11+00:00","breadcrumb":{"@id":"https:\/\/comavemoveis.com.br\/site\/produto\/eco\/#breadcrumb"},"inLanguage":"pt-BR","potentialAction":[{"@type":"ReadAction","target":["https:\/\/comavemoveis.com.br\/site\/produto\/eco\/"]}]},{"@type":"ImageObject","inLanguage":"pt-BR","@id":"https:\/\/comavemoveis.com.br\/site\/produto\/eco\/#primaryimage","url":"https:\/\/comavemoveis.com.br\/site\/wp-content\/uploads\/2025\/07\/ecook.jpg","contentUrl":"https:\/\/comavemoveis.com.br\/site\/wp-content\/uploads\/2025\/07\/ecook.jpg","width":1100,"height":1100},{"@type":"BreadcrumbList","@id":"https:\/\/comavemoveis.com.br\/site\/produto\/eco\/#breadcrumb","itemListElement":[{"@type":"ListItem","position":1,"name":"In\u00edcio","item":"https:\/\/comavemoveis.com.br\/site\/"},{"@type":"ListItem","position":2,"name":"Loja","item":"https:\/\/comavemoveis.com.br\/site\/loja\/"},{"@type":"ListItem","position":3,"name":"Eco"}]},{"@type":"WebSite","@id":"https:\/\/comavemoveis.com.br\/site\/#website","url":"https:\/\/comavemoveis.com.br\/site\/","name":"Comave","description":"M\u00f3veis para Escrit\u00f3rio em Jundia\u00ed","publisher":{"@id":"https:\/\/comavemoveis.com.br\/site\/#organization"},"potentialAction":[{"@type":"SearchAction","target":{"@type":"EntryPoint","urlTemplate":"https:\/\/comavemoveis.com.br\/site\/?s={search_term_string}"},"query-input":{"@type":"PropertyValueSpecification","valueRequired":true,"valueName":"search_term_string"}}],"inLanguage":"pt-BR"},{"@type":"Organization","@id":"https:\/\/comavemoveis.com.br\/site\/#organization","name":"Comave","url":"https:\/\/comavemoveis.com.br\/site\/","logo":{"@type":"ImageObject","inLanguage":"pt-BR","@id":"https:\/\/comavemoveis.com.br\/site\/#\/schema\/logo\/image\/","url":"https:\/\/comavemoveis.com.br\/site\/wp-content\/uploads\/2016\/11\/comave2.jpg","contentUrl":"https:\/\/comavemoveis.com.br\/site\/wp-content\/uploads\/2016\/11\/comave2.jpg","width":148,"height":90,"caption":"Comave"},"image":{"@id":"https:\/\/comavemoveis.com.br\/site\/#\/schema\/logo\/image\/"},"sameAs":["https:\/\/web.facebook.com\/Comavemoveis"]}]}},"_links":{"self":[{"href":"https:\/\/comavemoveis.com.br\/site\/wp-json\/wp\/v2\/product\/3601","targetHints":{"allow":["GET"]}}],"collection":[{"href":"https:\/\/comavemoveis.com.br\/site\/wp-json\/wp\/v2\/product"}],"about":[{"href":"https:\/\/comavemoveis.com.br\/site\/wp-json\/wp\/v2\/types\/product"}],"wp:featuredmedia":[{"embeddable":true,"href":"https:\/\/comavemoveis.com.br\/site\/wp-json\/wp\/v2\/media\/3620"}],"wp:attachment":[{"href":"https:\/\/comavemoveis.com.br\/site\/wp-json\/wp\/v2\/media?parent=3601"}],"wp:term":[{"taxonomy":"product_brand","embeddable":true,"href":"https:\/\/comavemoveis.com.br\/site\/wp-json\/wp\/v2\/product_brand?post=3601"},{"taxonomy":"product_cat","embeddable":true,"href":"https:\/\/comavemoveis.com.br\/site\/wp-json\/wp\/v2\/product_cat?post=3601"},{"taxonomy":"product_tag","embeddable":true,"href":"https:\/\/comavemoveis.com.br\/site\/wp-json\/wp\/v2\/product_tag?post=3601"}],"curies":[{"name":"wp","href":"https:\/\/api.w.org\/{rel}","templated":true}]}}